{"version":"1.0","provider_name":"KisBarack","provider_url":"https:\/\/kisbarack.cafeblog.hu","author_name":"B_Bernadett","author_url":"https:\/\/kisbarack.cafeblog.hu\/author\/B_Bernadett-2\/","title":"Az els\u0151 labor","html":"<em><span style=\"line-height: 135%; font-family: &quot;Segoe Print&quot;; color: windowtext; font-size: 10pt;\">Szeptember\n 21-\u00e9n reggel 7-re volt id\u0151pontom laborvizsg\u00e1latra. Szerencs\u00e9re a \nt\u00e1virda utcai sztk-ban levett\u00e9k a v\u00e9rt, \u00edgy nem sokat kellett ott \nid\u0151zni. Mert ami a k\u00f3rh\u00e1zban van, arr\u00f3l jobb nem is besz\u00e9lni. Soron \nk\u00edv\u00fclis\u00e9get term\u00e9szetesen nem \u00e9lveznek a kismam\u00e1k, sz\u00f3val ha \u00e9p nem vagy\n beteg, akkor tuti \u00f6sszeszedsz valamit annyi ember k\u00f6zt. De r\u00e1j\u00f6ttem, \nhogy ezen k\u00e1r is em\u00e9sztenem magam, mert \u00fagysem fog v\u00e1ltozni semmi sem. <\/span><\/em>","type":"rich"}

Az első labor

<em><span style="line-height: 135%; font-family: &quot;Segoe Print&quot;; color: windowtext; font-size: 10pt;">Szeptember
 21-én reggel 7-re volt időpontom laborvizsgálatra. Szerencsére a 
távirda utcai sztk-ban levették a vért, így nem sokat kellett ott 
időzni. Mert ami a kórházban van, arról jobb nem is beszélni. Soron 
kívüliséget természetesen nem élveznek a kismamák, szóval ha ép nem vagy
 beteg, akkor tuti összeszedsz valamit annyi ember közt. De rájöttem, 
hogy ezen kár is emésztenem magam, mert úgysem fog változni semmi sem. </span></em>
